{"id":4732,"date":"2019-12-07T15:22:14","date_gmt":"2019-12-07T15:22:14","guid":{"rendered":"https:\/\/coeytaux-vins.ch\/nos-vins\/blanc-de-noir\/"},"modified":"2025-05-08T13:01:13","modified_gmt":"2025-05-08T12:01:13","slug":"blanc-de-noir","status":"publish","type":"product","link":"https:\/\/coeytaux-vins.ch\/de\/nos-vins\/blanc-de-noir\/","title":{"rendered":"Blanc de Noir"},"content":{"rendered":"<p><strong>Beschreibung<br \/>\n<\/strong>Weisswein. Aus der Rebsorte Blauburgunder<\/p>\n<p><strong>Nase<br \/>\n<\/strong>Frisch mit Pfirsicharomen<\/p>\n<p><strong>Gaumen<br \/>\n<\/strong>Der Blauburgunderbeere verdankt dieser Wein sein Aromenreichtum, seine Geschmeidigkeit und den langen Abgang.<\/p>\n<p><strong>Begleitempfehlungen<br \/>\n<\/strong>Vorspeisen Weisses Fleisch Terrinen K\u00e4se<\/p>\n<p><strong>75 cl \u2013 CHF 16.00 (Karton 6 Flaschen)<\/strong><\/p>\n","protected":false},"excerpt":{"rendered":"<p>75 cl<\/p>\n","protected":false},"featured_media":3076,"template":"","meta":{"_et_pb_use_builder":"off","_et_pb_old_content":"<strong>Descriptif<\/strong>Vin blanc. Vin issu du c\u00e9page Pinot Noir.<strong>Au nez<\/strong>Frais, aux ar\u00f4mes de p\u00eaches.<strong>En bouche<\/strong>Le c\u00e9page Pinot Noir, d\u2019o\u00f9 est issu ce vin, lui donne richesse, velout\u00e9 et longueur en bouche.<strong>Id\u00e9es d\u2019accompagnement<\/strong>- Entr\u00e9es- Viandes blanches- Terrines- Fromages<strong>75 cl - CHF 15.00 (carton de 6 bouteilles)<\/strong>","_et_gb_content_width":"","inline_featured_image":false},"product_brand":[],"product_cat":[147],"product_tag":[],"class_list":{"0":"post-4732","1":"product","2":"type-product","3":"status-publish","4":"has-post-thumbnail","6":"product_cat-weissweine","8":"first","9":"instock","10":"featured","11":"shipping-taxable","12":"purchasable","13":"product-type-simple"},"yoast_head":"<!-- This site is optimized with the Yoast SEO plugin v26.4 - https:\/\/yoast.com\/wordpress\/plugins\/seo\/ -->\n<title>Coeytaux Jean-Daniel - Vigneron - Encaveur - Blanc de Noir<\/title>\n<meta name=\"robots\" content=\"index, follow, max-snippet:-1, max-image-preview:large, max-video-preview:-1\" \/>\n<link rel=\"canonical\" href=\"https:\/\/coeytaux-vins.ch\/de\/nos-vins\/blanc-de-noir\/\" \/>\n<meta property=\"og:locale\" content=\"de_DE\" \/>\n<meta property=\"og:type\" content=\"article\" \/>\n<meta property=\"og:title\" content=\"Coeytaux Jean-Daniel - Vigneron - Encaveur - Blanc de Noir\" \/>\n<meta property=\"og:description\" content=\"75 cl\" \/>\n<meta property=\"og:url\" content=\"https:\/\/coeytaux-vins.ch\/de\/nos-vins\/blanc-de-noir\/\" \/>\n<meta property=\"og:site_name\" content=\"Coeytaux Jean-Daniel\" \/>\n<meta property=\"article:publisher\" content=\"https:\/\/www.facebook.com\/cavejeandaniel.coeytaux\" \/>\n<meta property=\"article:modified_time\" content=\"2025-05-08T12:01:13+00:00\" \/>\n<meta property=\"og:image\" content=\"https:\/\/coeytaux-vins.ch\/wp-content\/uploads\/2020\/03\/Blanc-de-Noir-75-cl-LR-min-1.png\" \/>\n\t<meta property=\"og:image:width\" content=\"765\" \/>\n\t<meta property=\"og:image:height\" content=\"1772\" \/>\n\t<meta property=\"og:image:type\" content=\"image\/png\" \/>\n<meta name=\"twitter:card\" content=\"summary_large_image\" \/>\n<meta name=\"twitter:site\" content=\"@CaveJDC\" \/>\n<meta name=\"twitter:label1\" content=\"Gesch\u00e4tzte Lesezeit\" \/>\n\t<meta name=\"twitter:data1\" content=\"1\u00a0Minute\" \/>\n<script type=\"application\/ld+json\" class=\"yoast-schema-graph\">{\"@context\":\"https:\/\/schema.org\",\"@graph\":[{\"@type\":\"WebPage\",\"@id\":\"https:\/\/coeytaux-vins.ch\/de\/nos-vins\/blanc-de-noir\/\",\"url\":\"https:\/\/coeytaux-vins.ch\/de\/nos-vins\/blanc-de-noir\/\",\"name\":\"Coeytaux Jean-Daniel - Vigneron - Encaveur - Blanc de Noir\",\"isPartOf\":{\"@id\":\"https:\/\/coeytaux-vins.ch\/de\/#website\"},\"primaryImageOfPage\":{\"@id\":\"https:\/\/coeytaux-vins.ch\/de\/nos-vins\/blanc-de-noir\/#primaryimage\"},\"image\":{\"@id\":\"https:\/\/coeytaux-vins.ch\/de\/nos-vins\/blanc-de-noir\/#primaryimage\"},\"thumbnailUrl\":\"https:\/\/coeytaux-vins.ch\/wp-content\/uploads\/2020\/03\/Blanc-de-Noir-75-cl-LR-min-1.png\",\"datePublished\":\"2019-12-07T15:22:14+00:00\",\"dateModified\":\"2025-05-08T12:01:13+00:00\",\"breadcrumb\":{\"@id\":\"https:\/\/coeytaux-vins.ch\/de\/nos-vins\/blanc-de-noir\/#breadcrumb\"},\"inLanguage\":\"de\",\"potentialAction\":[{\"@type\":\"ReadAction\",\"target\":[\"https:\/\/coeytaux-vins.ch\/de\/nos-vins\/blanc-de-noir\/\"]}]},{\"@type\":\"ImageObject\",\"inLanguage\":\"de\",\"@id\":\"https:\/\/coeytaux-vins.ch\/de\/nos-vins\/blanc-de-noir\/#primaryimage\",\"url\":\"https:\/\/coeytaux-vins.ch\/wp-content\/uploads\/2020\/03\/Blanc-de-Noir-75-cl-LR-min-1.png\",\"contentUrl\":\"https:\/\/coeytaux-vins.ch\/wp-content\/uploads\/2020\/03\/Blanc-de-Noir-75-cl-LR-min-1.png\",\"width\":765,\"height\":1772},{\"@type\":\"BreadcrumbList\",\"@id\":\"https:\/\/coeytaux-vins.ch\/de\/nos-vins\/blanc-de-noir\/#breadcrumb\",\"itemListElement\":[{\"@type\":\"ListItem\",\"position\":1,\"name\":\"Accueil\",\"item\":\"https:\/\/coeytaux-vins.ch\/de\/\"},{\"@type\":\"ListItem\",\"position\":2,\"name\":\"Unsere Weine\",\"item\":\"https:\/\/coeytaux-vins.ch\/fr\/nos-vins\/\"},{\"@type\":\"ListItem\",\"position\":3,\"name\":\"Blanc de Noir\"}]},{\"@type\":\"WebSite\",\"@id\":\"https:\/\/coeytaux-vins.ch\/de\/#website\",\"url\":\"https:\/\/coeytaux-vins.ch\/de\/\",\"name\":\"Coeytaux Jean-Daniel\",\"description\":\"Jean Daniel Coeytaux, Vigneron-Encaveur, Rue du Ch\u00e2teau 4, 1169 Yens-s\/Morges, Tel +41 21 800 47 38, Fax +41 21 800 47 57, Natel +41 79 276 30 47, jean-daniel@coeytaux-vins.ch\",\"publisher\":{\"@id\":\"https:\/\/coeytaux-vins.ch\/de\/#organization\"},\"potentialAction\":[{\"@type\":\"SearchAction\",\"target\":{\"@type\":\"EntryPoint\",\"urlTemplate\":\"https:\/\/coeytaux-vins.ch\/de\/?s={search_term_string}\"},\"query-input\":{\"@type\":\"PropertyValueSpecification\",\"valueRequired\":true,\"valueName\":\"search_term_string\"}}],\"inLanguage\":\"de\"},{\"@type\":\"Organization\",\"@id\":\"https:\/\/coeytaux-vins.ch\/de\/#organization\",\"name\":\"Jean-Daniel Coeytaux\",\"url\":\"https:\/\/coeytaux-vins.ch\/de\/\",\"logo\":{\"@type\":\"ImageObject\",\"inLanguage\":\"de\",\"@id\":\"https:\/\/coeytaux-vins.ch\/de\/#\/schema\/logo\/image\/\",\"url\":\"https:\/\/coeytaux-vins.ch\/wp-content\/uploads\/2020\/08\/Logo-Cave-Jean-Daniel-Coeytaux-Vigneron-Encaveur-e1598877479575.png\",\"contentUrl\":\"https:\/\/coeytaux-vins.ch\/wp-content\/uploads\/2020\/08\/Logo-Cave-Jean-Daniel-Coeytaux-Vigneron-Encaveur-e1598877479575.png\",\"width\":250,\"height\":176,\"caption\":\"Jean-Daniel Coeytaux\"},\"image\":{\"@id\":\"https:\/\/coeytaux-vins.ch\/de\/#\/schema\/logo\/image\/\"},\"sameAs\":[\"https:\/\/www.facebook.com\/cavejeandaniel.coeytaux\",\"https:\/\/x.com\/CaveJDC\",\"https:\/\/www.instagram.com\/cave_jean_daniel_coeytaux\/\"]}]}<\/script>\n<!-- \/ Yoast SEO plugin. -->","yoast_head_json":{"title":"Coeytaux Jean-Daniel - Vigneron - Encaveur - Blanc de Noir","robots":{"index":"index","follow":"follow","max-snippet":"max-snippet:-1","max-image-preview":"max-image-preview:large","max-video-preview":"max-video-preview:-1"},"canonical":"https:\/\/coeytaux-vins.ch\/de\/nos-vins\/blanc-de-noir\/","og_locale":"de_DE","og_type":"article","og_title":"Coeytaux Jean-Daniel - Vigneron - Encaveur - Blanc de Noir","og_description":"75 cl","og_url":"https:\/\/coeytaux-vins.ch\/de\/nos-vins\/blanc-de-noir\/","og_site_name":"Coeytaux Jean-Daniel","article_publisher":"https:\/\/www.facebook.com\/cavejeandaniel.coeytaux","article_modified_time":"2025-05-08T12:01:13+00:00","og_image":[{"width":765,"height":1772,"url":"https:\/\/coeytaux-vins.ch\/wp-content\/uploads\/2020\/03\/Blanc-de-Noir-75-cl-LR-min-1.png","type":"image\/png"}],"twitter_card":"summary_large_image","twitter_site":"@CaveJDC","twitter_misc":{"Gesch\u00e4tzte Lesezeit":"1\u00a0Minute"},"schema":{"@context":"https:\/\/schema.org","@graph":[{"@type":"WebPage","@id":"https:\/\/coeytaux-vins.ch\/de\/nos-vins\/blanc-de-noir\/","url":"https:\/\/coeytaux-vins.ch\/de\/nos-vins\/blanc-de-noir\/","name":"Coeytaux Jean-Daniel - Vigneron - Encaveur - Blanc de Noir","isPartOf":{"@id":"https:\/\/coeytaux-vins.ch\/de\/#website"},"primaryImageOfPage":{"@id":"https:\/\/coeytaux-vins.ch\/de\/nos-vins\/blanc-de-noir\/#primaryimage"},"image":{"@id":"https:\/\/coeytaux-vins.ch\/de\/nos-vins\/blanc-de-noir\/#primaryimage"},"thumbnailUrl":"https:\/\/coeytaux-vins.ch\/wp-content\/uploads\/2020\/03\/Blanc-de-Noir-75-cl-LR-min-1.png","datePublished":"2019-12-07T15:22:14+00:00","dateModified":"2025-05-08T12:01:13+00:00","breadcrumb":{"@id":"https:\/\/coeytaux-vins.ch\/de\/nos-vins\/blanc-de-noir\/#breadcrumb"},"inLanguage":"de","potentialAction":[{"@type":"ReadAction","target":["https:\/\/coeytaux-vins.ch\/de\/nos-vins\/blanc-de-noir\/"]}]},{"@type":"ImageObject","inLanguage":"de","@id":"https:\/\/coeytaux-vins.ch\/de\/nos-vins\/blanc-de-noir\/#primaryimage","url":"https:\/\/coeytaux-vins.ch\/wp-content\/uploads\/2020\/03\/Blanc-de-Noir-75-cl-LR-min-1.png","contentUrl":"https:\/\/coeytaux-vins.ch\/wp-content\/uploads\/2020\/03\/Blanc-de-Noir-75-cl-LR-min-1.png","width":765,"height":1772},{"@type":"BreadcrumbList","@id":"https:\/\/coeytaux-vins.ch\/de\/nos-vins\/blanc-de-noir\/#breadcrumb","itemListElement":[{"@type":"ListItem","position":1,"name":"Accueil","item":"https:\/\/coeytaux-vins.ch\/de\/"},{"@type":"ListItem","position":2,"name":"Unsere Weine","item":"https:\/\/coeytaux-vins.ch\/fr\/nos-vins\/"},{"@type":"ListItem","position":3,"name":"Blanc de Noir"}]},{"@type":"WebSite","@id":"https:\/\/coeytaux-vins.ch\/de\/#website","url":"https:\/\/coeytaux-vins.ch\/de\/","name":"Coeytaux Jean-Daniel","description":"Jean Daniel Coeytaux, Vigneron-Encaveur, Rue du Ch\u00e2teau 4, 1169 Yens-s\/Morges, Tel +41 21 800 47 38, Fax +41 21 800 47 57, Natel +41 79 276 30 47, jean-daniel@coeytaux-vins.ch","publisher":{"@id":"https:\/\/coeytaux-vins.ch\/de\/#organization"},"potentialAction":[{"@type":"SearchAction","target":{"@type":"EntryPoint","urlTemplate":"https:\/\/coeytaux-vins.ch\/de\/?s={search_term_string}"},"query-input":{"@type":"PropertyValueSpecification","valueRequired":true,"valueName":"search_term_string"}}],"inLanguage":"de"},{"@type":"Organization","@id":"https:\/\/coeytaux-vins.ch\/de\/#organization","name":"Jean-Daniel Coeytaux","url":"https:\/\/coeytaux-vins.ch\/de\/","logo":{"@type":"ImageObject","inLanguage":"de","@id":"https:\/\/coeytaux-vins.ch\/de\/#\/schema\/logo\/image\/","url":"https:\/\/coeytaux-vins.ch\/wp-content\/uploads\/2020\/08\/Logo-Cave-Jean-Daniel-Coeytaux-Vigneron-Encaveur-e1598877479575.png","contentUrl":"https:\/\/coeytaux-vins.ch\/wp-content\/uploads\/2020\/08\/Logo-Cave-Jean-Daniel-Coeytaux-Vigneron-Encaveur-e1598877479575.png","width":250,"height":176,"caption":"Jean-Daniel Coeytaux"},"image":{"@id":"https:\/\/coeytaux-vins.ch\/de\/#\/schema\/logo\/image\/"},"sameAs":["https:\/\/www.facebook.com\/cavejeandaniel.coeytaux","https:\/\/x.com\/CaveJDC","https:\/\/www.instagram.com\/cave_jean_daniel_coeytaux\/"]}]}},"_links":{"self":[{"href":"https:\/\/coeytaux-vins.ch\/de\/wp-json\/wp\/v2\/product\/4732","targetHints":{"allow":["GET"]}}],"collection":[{"href":"https:\/\/coeytaux-vins.ch\/de\/wp-json\/wp\/v2\/product"}],"about":[{"href":"https:\/\/coeytaux-vins.ch\/de\/wp-json\/wp\/v2\/types\/product"}],"wp:featuredmedia":[{"embeddable":true,"href":"https:\/\/coeytaux-vins.ch\/de\/wp-json\/wp\/v2\/media\/3076"}],"wp:attachment":[{"href":"https:\/\/coeytaux-vins.ch\/de\/wp-json\/wp\/v2\/media?parent=4732"}],"wp:term":[{"taxonomy":"product_brand","embeddable":true,"href":"https:\/\/coeytaux-vins.ch\/de\/wp-json\/wp\/v2\/product_brand?post=4732"},{"taxonomy":"product_cat","embeddable":true,"href":"https:\/\/coeytaux-vins.ch\/de\/wp-json\/wp\/v2\/product_cat?post=4732"},{"taxonomy":"product_tag","embeddable":true,"href":"https:\/\/coeytaux-vins.ch\/de\/wp-json\/wp\/v2\/product_tag?post=4732"}],"curies":[{"name":"wp","href":"https:\/\/api.w.org\/{rel}","templated":true}]}}

<p><strong>Beschreibung<br />
</strong>Weisswein. Aus der Rebsorte Blauburgunder</p>
<p><strong>Nase<br />
</strong>Frisch mit Pfirsicharomen</p>
<p><strong>Gaumen<br />
</strong>Der Blauburgunderbeere verdankt dieser Wein sein Aromenreichtum, seine Geschmeidigkeit und den langen Abgang.</p>
<p><strong>Begleitempfehlungen<br />
</strong>Vorspeisen Weisses Fleisch Terrinen Käse</p>
<p><strong>75 cl – CHF 16.00 (Karton 6 Flaschen)</strong></p>

<strong>Descriptif</strong>Vin blanc. Vin issu du cépage Pinot Noir.<strong>Au nez</strong>Frais, aux arômes de pêches.<strong>En bouche</strong>Le cépage Pinot Noir, d’où est issu ce vin, lui donne richesse, velouté et longueur en bouche.<strong>Idées d’accompagnement</strong>- Entrées- Viandes blanches- Terrines- Fromages<strong>75 cl - CHF 15.00 (carton de 6 bouteilles)</strong>

<!-- This site is optimized with the Yoast SEO plugin v26.4 - https://yoast.com/wordpress/plugins/seo/ -->
<title>Coeytaux Jean-Daniel - Vigneron - Encaveur - Blanc de Noir</title>
<meta name="robots" content="index, follow, max-snippet:-1, max-image-preview:large, max-video-preview:-1" />
<link rel="canonical" href="https://coeytaux-vins.ch/de/nos-vins/blanc-de-noir/" />
<meta property="og:locale" content="de_DE" />
<meta property="og:type" content="article" />
<meta property="og:title" content="Coeytaux Jean-Daniel - Vigneron - Encaveur - Blanc de Noir" />
<meta property="og:description" content="75 cl" />
<meta property="og:url" content="https://coeytaux-vins.ch/de/nos-vins/blanc-de-noir/" />
<meta property="og:site_name" content="Coeytaux Jean-Daniel" />
<meta property="article:publisher" content="https://www.facebook.com/cavejeandaniel.coeytaux" />
<meta property="article:modified_time" content="2025-05-08T12:01:13+00:00" />
<meta property="og:image" content="https://coeytaux-vins.ch/wp-content/uploads/2020/03/Blanc-de-Noir-75-cl-LR-min-1.png" />
	<meta property="og:image:width" content="765" />
	<meta property="og:image:height" content="1772" />
	<meta property="og:image:type" content="image/png" />
<meta name="twitter:card" content="summary_large_image" />
<meta name="twitter:site" content="@CaveJDC" />
<meta name="twitter:label1" content="Geschätzte Lesezeit" />
	<meta name="twitter:data1" content="1 Minute" />
<script type="application/ld+json" class="yoast-schema-graph">{"@context":"https://schema.org","@graph":[{"@type":"WebPage","@id":"https://coeytaux-vins.ch/de/nos-vins/blanc-de-noir/","url":"https://coeytaux-vins.ch/de/nos-vins/blanc-de-noir/","name":"Coeytaux Jean-Daniel - Vigneron - Encaveur - Blanc de Noir","isPartOf":{"@id":"https://coeytaux-vins.ch/de/#website"},"primaryImageOfPage":{"@id":"https://coeytaux-vins.ch/de/nos-vins/blanc-de-noir/#primaryimage"},"image":{"@id":"https://coeytaux-vins.ch/de/nos-vins/blanc-de-noir/#primaryimage"},"thumbnailUrl":"https://coeytaux-vins.ch/wp-content/uploads/2020/03/Blanc-de-Noir-75-cl-LR-min-1.png","datePublished":"2019-12-07T15:22:14+00:00","dateModified":"2025-05-08T12:01:13+00:00","breadcrumb":{"@id":"https://coeytaux-vins.ch/de/nos-vins/blanc-de-noir/#breadcrumb"},"inLanguage":"de","potentialAction":[{"@type":"ReadAction","target":["https://coeytaux-vins.ch/de/nos-vins/blanc-de-noir/"]}]},{"@type":"ImageObject","inLanguage":"de","@id":"https://coeytaux-vins.ch/de/nos-vins/blanc-de-noir/#primaryimage","url":"https://coeytaux-vins.ch/wp-content/uploads/2020/03/Blanc-de-Noir-75-cl-LR-min-1.png","contentUrl":"https://coeytaux-vins.ch/wp-content/uploads/2020/03/Blanc-de-Noir-75-cl-LR-min-1.png","width":765,"height":1772},{"@type":"BreadcrumbList","@id":"https://coeytaux-vins.ch/de/nos-vins/blanc-de-noir/#breadcrumb","itemListElement":[{"@type":"ListItem","position":1,"name":"Accueil","item":"https://coeytaux-vins.ch/de/"},{"@type":"ListItem","position":2,"name":"Unsere Weine","item":"https://coeytaux-vins.ch/fr/nos-vins/"},{"@type":"ListItem","position":3,"name":"Blanc de Noir"}]},{"@type":"WebSite","@id":"https://coeytaux-vins.ch/de/#website","url":"https://coeytaux-vins.ch/de/","name":"Coeytaux Jean-Daniel","description":"Jean Daniel Coeytaux, Vigneron-Encaveur, Rue du Château 4, 1169 Yens-s/Morges, Tel +41 21 800 47 38, Fax +41 21 800 47 57, Natel +41 79 276 30 47, jean-daniel@coeytaux-vins.ch","publisher":{"@id":"https://coeytaux-vins.ch/de/#organization"},"potentialAction":[{"@type":"SearchAction","target":{"@type":"EntryPoint","urlTemplate":"https://coeytaux-vins.ch/de/?s={search_term_string}"},"query-input":{"@type":"PropertyValueSpecification","valueRequired":true,"valueName":"search_term_string"}}],"inLanguage":"de"},{"@type":"Organization","@id":"https://coeytaux-vins.ch/de/#organization","name":"Jean-Daniel Coeytaux","url":"https://coeytaux-vins.ch/de/","logo":{"@type":"ImageObject","inLanguage":"de","@id":"https://coeytaux-vins.ch/de/#/schema/logo/image/","url":"https://coeytaux-vins.ch/wp-content/uploads/2020/08/Logo-Cave-Jean-Daniel-Coeytaux-Vigneron-Encaveur-e1598877479575.png","contentUrl":"https://coeytaux-vins.ch/wp-content/uploads/2020/08/Logo-Cave-Jean-Daniel-Coeytaux-Vigneron-Encaveur-e1598877479575.png","width":250,"height":176,"caption":"Jean-Daniel Coeytaux"},"image":{"@id":"https://coeytaux-vins.ch/de/#/schema/logo/image/"},"sameAs":["https://www.facebook.com/cavejeandaniel.coeytaux","https://x.com/CaveJDC","https://www.instagram.com/cave_jean_daniel_coeytaux/"]}]}</script>
<!-- / Yoast SEO plugin. -->

Jean Daniel Coeytaux, Vigneron-Encaveur, Rue du Château 4, 1169 Yens-s/Morges, Tel +41 21 800 47 38, Fax +41 21 800 47 57, Natel +41 79 276 30 47, jean-daniel@coeytaux-vins.ch
